nder when 4310 is divided by 9?
8
Calculate the remainder when 2109 is divided by 175.
9
What is the remainder when 19 is divided by 6?
1
What is the remainder when 13090 is divided by 45?
40
Calculate the remainder when 694 is divided by 29.
27
What is the remainder when 41 is divided by 24?
17
What is the remainder when 1380 is divided by 96?
36
What is the remainder when 22 is divided by 21?
1
What is the remainder when 191 is divided by 37?
6
Calculate the remainder when 456 is divided by 36.
24
Calculate the remainder when 1164 is divided by 40.
4
Calculate the remainder when 49 is divided by 13.
10
What is the remainder when 369 is divided by 63?
54
Calculate the remainder when 167 is divided by 62.
43
Calculate the remainder when 159 is divided by 23.
21
Calculate the remainder when 7996 is divided by 86.
84
Calculate the remainder when 108 is divided by 49.
10
What is the remainder when 449 is divided by 18?
17
Calculate the remainder when 2106 is divided by 24.
18
What is the remainder when 597 is divided by 8?
5
What is the remainder when 949 is divided by 333?
283
Calculate the remainder when 185 is divided by 11.
9
What is the remainder when 1441 is divided by 39?
37
What is the remainder when 5508 is divided by 28?
20
Calculate the remainder when 9010 is divided by 12.
10
What is the remainder when 824 is divided by 22?
10
What is the remainder when 129 is divided by 56?
17
What is the remainder when 73 is divided by 8?
1
What is the remainder when 413 is divided by 142?
129
What is the remainder when 731 is divided by 43?
0
Calculate the remainder when 10293 is divided by 17.
8
Calculate the remainder when 106 is divided by 22.
18
Calculate the remainder when 12537 is divided by 228.
225
Calculate the remainder when 23257 is divided by 10.
7
What is the remainder when 761 is divided by 155?
141
What is the remainder when 222 is divided by 83?
56
Calculate the remainder when 66 is divided by 17.
15
Calculate the remainder when 2226 is divided by 111.
6
What is the remainder when 12600 is divided by 194?
184
Calculate the remainder when 195 is divided by 110.
85
Calculate the remainder when 11357 is divided by 299.
294
What is the remainder when 152 is divided by 55?
42
What is the remainder when 88 is divided by 46?
42
What is the remainder when 691 is divided by 127?
56
What is the remainder when 283 is divided by 19?
17
What is the remainder when 31 is divided by 18?
13
What is the remainder when 1127 is divided by 3?
2
What is the remainder when 283 is divided by 19?
17
What is the remainder when 879 is divided by 134?
75
What is the remainder when 75 is divided by 47?
28
Calculate the remainder when 152 is divided by 52.
48
Calculate the remainder when 725 is divided by 237.
14
Calculate the remainder when 169 is divided by 96.
73
What is the remainder when 257 is divided by 124?
9
What is the remainder when 1001 is divided by 496?
9
What is the remainder when 270 is divided by 69?
63
Calculate the remainder when 375 is divided by 6.
3
Calculate the remainder when 127 is divided by 13.
10
Calculate the remainder when 788 is divided by 12.
8
Calculate the remainder when 324 is divided by 278.
46
Calculate the remainder when 20 is divided by 13.
7
What is the remainder when 758 is divided by 61?
26
Calculate the remainder when 123 is divided by 55.
13
What is the remainder when 6186 is divided by 182?
180
Calculate the remainder when 111 is divided by 25.
11
Calculate the remainder when 10371 is divided by 13.
10
What is the remainder when 7443 is divided by 2477?
12
Calculate the remainder when 316 is divided by 3.
1
What is the remainder when 2143 is divided by 39?
37
Calculate the remainder when 4831 is divided by 1609.
4
What is the remainder when 204 is divided by 42?
36
Calculate the remainder when 217 is divided by 98.
21
Calculate the remainder when 587 is divided by 67.
51
Calculate the remainder when 685 is divided by 115.
110
What is the remainder when 725 is divided by 66?
65
What is the remainder when 155 is divided by 33?
23
Calculate the remainder when 467 is divided by 94.
91
Calculate the remainder when 182 is divided by 12.
2
What is the remainder when 47 is divided by 13?
8
What is the remainder when 665 is divided by 194?
83
Calculate the remainder when 327 is divided by 118.
91
What is the remainder when 775 is divided by 7?
5
Calculate the remainder when 587 is divided by 50.
37
Calculate the remainder when 1960 is divided by 653.
1
Calculate the remainder when 105 is divided by 93.
12
Calculate the remainder when 2355 is divided by 453.
90
What is the remainder when 4942 is divided by 10?
2
What is the remainder when 1709 is divided by 100?
9
Calculate the remainder when 7722 is divided by 48.
42
What is the remainder when 131 is divided by 119?
12
Calculate the remainder when 163 is divided by 84.
79
What is the remainder when 895 is divided by 56?
55
Calculate the remainder when 1048 is divided by 35.
33
Calculate the remainder when 96 is divided by 36.
24
Calculate the remainder when 3584 is divided by 21.
14
What is the remainder when 373 is divided by 54?
49
What is the remainder when 395 is divided by 80?
75
Calculate the remainder when 264 is divided by 19.
17
What is the remainder when 1948 is divided by 8?
4
Calculate the remainder when 121 is divided by 16.
9
Calculate the remainder when 44 is divided by 23.
21
What is the remainder when 3501 is divided by 24?
21
Calculate the remainder when 1318 is divided by 165.
163
Calculate the remainder when 44 is divided by 36.
8
What is the remainder when 301 is divided by 85?
46
Calculate the remainder when 1269 is divided by 11.
4
Calculate the remainder when 11034 is divided by 178.
176
Calculate the remainder when 5311 is divided by 21.
19
What is the remainder when 1326 is divided by 133?
129
Calculate the remainder when 252 is divided by 67.
51
Calculate the remainder when 458 is divided by 14.
10
What is the remainder when 1284 is divided by 92?
88
Calculate the remainder when 643 is divided by 51.
31
Calculate the remainder when 126 is divided by 72.
54
What is the remainder when 79 is divided by 43?
36
What is the remainder when 120 is divided by 69?
51
Calculate the remainder when 244 is divided by 41.
39
Calculate the remainder when 118 is divided by 8.
6
Calculate the remainder when 296 is divided by 150.
146
What is the remainder when 1163 is divided by 97?
96
What is the remainder when 29 is divided by 21?
8
What is the remainder when 1425 is divided by 277?
40
Calculate the remainder when 7447 is divided by 40.
7
What is the remainder when 118 is divided by 27?
10
Calculate the remainder when 77 is divided by 21.
14
Calculate the remainder when 582 is divided by 15.
12
Calculate the remainder when 4827 is divided by 105.
102
What is the remainder when 237 is divided by 49?
41
Calculate the remainder when 153 is divided by 42.
27
Calculate the remainder when 309 is divided by 79.
72
What is the remainder when 963 is divided by 40?
3
Calculate the remainder when 491 is divided by 160.
11
What is the remainder when 550 is divided by 79?
76
Calculate the remainder when 142 is divided by 34.
6
Calculate the remainder when 183 is divided by 26.
1
What is the remainder when 460 is divided by 77?
75
Calculate the remainder when 2897 is divided by 14.
13
What is the remainder when 95 is divided by 30?
5
Calculate the remainder when 2141 is divided by 153.
152
What is the remainder when 622 is divided by 149?
26
What is the remainder when 380 is divided by 9?
2
What is the remainder when 7205 is divided by 86?
67
Calculate the remainder when 4 is divided by 4.
0
Calculate the remainder when 233 is divided by 59.
56
What is the remainder when 389 is divided by 33?
26
What is the remainder when 143 is divided by 18?
17
What is the remainder when 100 is divided by 28?
16
Calculate the remainder when 80 is divided by 20.
0
Calculate the remainder when 594 is divided by 99.
0
Calculate the remainder when 25109 is divided by 15.
14
What is the remainder when 3065 is divided by 73?
72
Calculate the remainder when 377 is divided by 55.
47
What is the remainder when 33754 is divided by 58?
56
Calculate the remainder when 99 is divided by 50.
49
What is t